False
Is 71720 a multiple of 40?
True
Is 2355 a multiple of 4?
False
Is 46 a factor of 9062?
True
Does 66 divide 807?
False
Is 30 a factor of 930?
True
Is 7517 a multiple of 14?
False
Is 19863 a multiple of 9?
True
Is 36 a factor of 16524?
True
Is 12 a factor of 753?
False
Is 33 a factor of 13075?
False
Is 41 a factor of 287?
True
Does 174 divide 9880?
False
Is 37752 a multiple of 24?
True
Does 30 divide 5534?
False
Is 55943 a multiple of 48?
False
Is 24 a factor of 360?
True
Does 16 divide 9952?
True
Is 7 a factor of 77?
True
Does 4 divide 176?
True
Is 2830 a multiple of 30?
False
Does 66 divide 1020?
False
Is 38 a factor of 608?
True
Is 19 a factor of 2436?
False
Does 5 divide 623?
False
Is 10 a factor of 110?
True
Is 7 a factor of 42?
True
Is 95 a factor of 62715?
False
Is 5 a factor of 8795?
True
Does 18 divide 10278?
True
Is 3 a factor of 303?
True
Does 3 divide 104?
False
Is 25 a factor of 16970?
False
Is 40 a factor of 55800?
True
Is 84 a factor of 295?
False
Is 36 a multiple of 26?
False
Is 142 a factor of 36137?
False
Does 64 divide 54720?
True
Does 28 divide 2688?
True
Is 905 a multiple of 15?
False
Is 95 a factor of 31255?
True
Does 31 divide 1553?
False
Is 91 a factor of 62881?
True
Is 1645 a multiple of 7?
True
Is 2466 a multiple of 18?
True
Is 562 a multiple of 4?
False
Does 112 divide 4144?
True
Is 3900 a multiple of 52?
True
Is 29 a factor of 2552?
True
Is 14 a factor of 905?
False
Is 2016 a multiple of 18?
True
Is 4160 a multiple of 160?
True
Does 30 divide 23924?
False
Is 640 a multiple of 2?
True
Is 88 a multiple of 4?
True
Is 9301 a multiple of 24?
False
Does 68 divide 1020?
True
Does 43 divide 13201?
True
Does 42 divide 2100?
True
Is 145 a factor of 8990?
True
Does 31 divide 53010?
True
Is 4352 a multiple of 68?
True
Is 249 a factor of 13695?
True
Does 227 divide 21792?
True
Is 24 a factor of 4783?
False
Is 729 a multiple of 81?
True
Is 10 a factor of 480?
True
Is 15550 a multiple of 10?
True
Is 2471 a multiple of 34?
False
Does 9 divide 1836?
True
Does 10 divide 25170?
True
Is 206 a factor of 12533?
False
Does 16 divide 3088?
True
Is 660 a multiple of 52?
False
Is 692 a multiple of 2?
True
Is 5 a factor of 51?
False
Does 102 divide 11934?
True
Is 1248 a multiple of 12?
True
Is 47 a factor of 6656?
False
Is 15326 a multiple of 158?
True
Is 53 even?
False
Is 8 a factor of 128?
True
Does 199 divide 10945?
True
Is 89 a factor of 20559?
True
Is 4668 a multiple of 6?
True
Does 12 divide 555?
False
Is 1250 a multiple of 16?
False
Does 6 divide 114?
True
Is 1180 a multiple of 5?
True
Is 719 a multiple of 50?
False
Is 549 a multiple of 5?
False
Is 118 a multiple of 59?
True
Is 180 a multiple of 39?
False
Is 13216 a multiple of 9?
False
Is 11 a factor of 181?
False
Does 19 divide 4786?
False
Does 29 divide 12760?
True
Is 28 a factor of 3981?
False
Does 10 divide 2459?
False
Does 30 divide 690?
True
Is 89304 a multiple of 183?
True
Does 133 divide 2275?
False
Is 7854 a multiple of 14?
True
Does 15 divide 6558?
False
Does 18 divide 7866?
True
Does 2 divide 24?
True
Is 6 a factor of 247?
False
Does 37 divide 559?
False
Is 18 a factor of 19?
False
Is 8 a factor of 485?
False
Is 4 a factor of 573?
False
Is 3 a factor of 9?
True
Is 5 a factor of 93?
False
Is 32 a factor of 22368?
True
Is 62808 a multiple of 240?
False
Is 10 a factor of 30?
True
Is 17 a factor of 10909?
False
Is 9 a factor of 360?
True
Does 49 divide 1468?
False
Is 5 a factor of 593?
False
Does 85 divide 50436?
False
Is 11 a factor of 7799?
True
Is 519 a multiple of 5?
False
Is 4 a factor of 44905?
False
Is 250 a factor of 25911?
False
Is 504 a multiple of 9?
True
Is 114579 a multiple of 37?
False
Is 3006 a multiple of 22?
False
Is 50 a factor of 13733?
False
Does 26 divide 111774?
True
Is 90 even?
True
Is 98130 a multiple of 10?
True
Is 8 a factor of 2440?
True
Is 14586 a multiple of 66?
True
Is 14183 a multiple of 49?
False
Does 8 divide 966?
False
Is 25 a factor of 425?
True
Is 2 a factor of 14?
True
Is 4 a factor of 1484?
True
Is 34 a factor of 1054?
True
Does 13 divide 2457?
True
Does 8 divide 840?
True
Is 10 a factor of 18173?
False
Does 2 divide 227?
False
Is 5 a factor of 1525?
True
Is 6 a factor of 26280?
True
Is 301 a multiple of 43?
True
Is 1035 a multiple of 13?
False
Is 3240 a multiple of 24?
True
Is 27 a factor of 251?
False
Does 19 divide 2101?
False
Is 88 a factor of 7724?
False
Does 54 divide 36061?
False
Is 7462 a multiple of 97?
False
Does 27 divide 432?
True
Is 5467 a multiple of 11?
True
Is 61530 a multiple of 15?
True
Does 3 divide 1444?
False
Is 13 a factor of 4308?
False
Is 17220 a multiple of 70?
True
Is 19136 a multiple of 23?
True
Is 34 a factor of 3162?
True
Does 20 divide 581?
False
Is 2563 a multiple of 13?
False
Is 5 a factor of 280?
True
Does 6 divide 522?
True
Is 27 a multiple of 13?
False
Does 16 divide 544?
True
Does 98 divide 5559?
False
Does 229 divide 18271?
False
Does 109 divide 5014?
True
Is 47 a factor of 1833?
True
Is 5 a factor of 1815?
True
Is 6 a factor of 10806?
True
Is 14 a factor of 1489?
False
Is 12876 a multiple of 29?
True
Is 20 a factor of 380?
True
Does 19 divide 228?
True
Does 5 divide 1095?
True
Is 742 a multiple of 31?
False
Is 2892 a multiple of 3?
True
Does 37 divide 53280?
True
Does 213 divide 16401?
True
Is 1400 a multiple of 20?
True
Does 104 divide 1267?
False
Is 49 a factor of 8575?
True
Is 143 a multiple of 11?
True
Does 7 divide 1985?
False
Is 140 a factor of 7840?
True
Is 33 a factor of 1411?
False
Is 3872 a multiple of 11?
True
Does 2 divide 712?
True
Is 161140 a multiple of 28?
True
Is 20874 a multiple of 14?
True
Is 104 a factor of 13208?
True
Is 121 a factor of 39725?
False
Is 18 a factor of 8280?
True
Is 2158 a multiple of 13?
True
Is 81405 a multiple of 18?
False
Is 62 a factor of 14437?
False
Does 189 divide 20339?
False
Is 429 a multiple of 39?
True
Is 78 a factor of 783?
False
Is 20672 a multiple of 31?
False
Is 20 a factor of 36260?
True
Is 14204 a multiple of 3?
False
Does 12 divide 21084?
True
Is 408 a multiple of 68?
True
Is 12 a factor of 54060?
True
Is 906 a multiple of 17?
False
Does 3 divide 911?
False
Is 24 a multiple of 8?
True
Is 16250 a multiple of 10?
True
Is 7183 a multiple of 11?
True
Does 69 divide 43332?
True
Does 29 divide 755?
False
Does 39 divide 14949?
False
Does 6 divide 2226?
True
Does 41 divide 10388?
False
Does 43 divide 3544?
False
Is 5542 a multiple of 12?
False
Is 12578 a multiple of 19?
True
Does 3 divide 281?
False
Is 7 a factor of 8933?
False
Is 52 a factor of 104?
True
Is 23 a factor of 16588?
False
Does 40 divide 6000?
True
Does 70 divide 384?
False
Does 32 divide 256?
True
Is 18 a factor of 3744?
True
Does 117 divide 9945?
True
Is 579 even?
False
Is 7610 a multiple of 10?
True
Does 3 divide 16?
False
Is 10 a factor of 18640?
True
Is 13581 a multiple of 30?
False
Does 11 divide 81?
False
Is 22 a factor of 31284?
True
Does 9 divide 8451?
True
Is 632 a multiple of 12?
False
Is 10260 a multiple of 15?
True
Is 32870 a multiple of 173?
True
Is 10 a factor of 120?
True
Is 9 a factor of 19161?
True
Is 1536 a multiple of 48?
True
Is 14 a factor of 53912?
False
Is 9989 a multiple of 20?
False
Is 10 a factor of 9397?
False
Does 15 divide 18835?
False
Does 22 divide 7414?
True
Is 3901 a multiple of 47?
True
Is 172 a multiple of 3?
False
Does 21 divide 2479?
False
Is 816 a multiple of 17?
True
Is 3 a factor of 7183?
False
Is 7 a factor of 507?
False
Does 3 divide 159?
True
Is 9 a factor of 30383?
False
Is 17 a factor of 64?
False
Is 4146 a multiple of 6?
True
Does 93 divide 398?
False
Is 4144 a multiple of 30?
False
Does 9 divide 821?
False
Does 14 divide 16563?
False
Is 11 a factor of 2618?
True
Is 34 a factor of 510?
True
Is 29 a factor of 770?
False
Is 15 a factor of 341?
False
Is 42269 a multiple of 111?
False
Does 3 divide 243?
True
Is 459 a multiple of 27?
True
Is 2044 a multiple of 29?
False
Is 43 a factor of 30100?
True
Is 29 a factor of 88090?
False
Does 10 divide 129290?
True
Is 159 a multiple of 8?
False
Is 88 a factor of 2464?
True
Is 21 a factor of 8641?
False
Is 105 a factor of 5567?
False
Is 24549 a multiple of 16?
False
Is 80 a factor of 7545?
False
Is 2 a factor of 573?
False
Is 2 a factor of 6041?
False
Does 19 divide 2494?
False
Does 13 divide 128505?
Tr